rs of 739907181?
3, 13, 227, 2143
List the prime factors of 216939620.
2, 5, 10846981
List the prime factors of 454328506.
2, 1277, 177889
What are the prime factors of 3942348614?
2, 2477, 795791
What are the prime factors of 992321564?
2, 13, 19083107
What are the prime factors of 91154322?
2, 3, 7, 31, 2593
List the prime factors of 1314244636.
2, 17, 19327127
What are the prime factors of 116297052?
2, 3, 53, 182857
What are the prime factors of 2236102958?
2, 157, 7121347
What are the prime factors of 192142186?
2, 96071093
What are the prime factors of 3733855370?
2, 5, 7, 37, 205949
List the prime factors of 9078384.
2, 3, 7, 41, 659
List the prime factors of 3395003812.
2, 31, 877, 31219
What are the prime factors of 45792267?
3, 15264089
List the prime factors of 2350805335.
5, 10133, 46399
What are the prime factors of 5122234210?
2, 5, 512223421
List the prime factors of 2524464443.
61, 41384663
What are the prime factors of 197337022?
2, 98668511
List the prime factors of 3937394344.
2, 13, 17, 2227033
What are the prime factors of 2465116801?
7, 347, 1014869
What are the prime factors of 41120081?
41120081
What are the prime factors of 23587456?
2, 127, 1451
List the prime factors of 205040560.
2, 5, 2563007
What are the prime factors of 9904210?
2, 5, 521, 1901
List the prime factors of 2454846172.
2, 17, 29, 659, 1889
What are the prime factors of 912235609?
41, 22249649
What are the prime factors of 44633807?
44633807
What are the prime factors of 55377322?
2, 7, 11, 13, 139, 199
What are the prime factors of 504443841?
3, 11, 15286177
List the prime factors of 21711246.
2, 3, 953, 3797
List the prime factors of 33214346.
2, 11, 23, 41, 1601
What are the prime factors of 202617976?
2, 11, 19, 179, 677
What are the prime factors of 229811627?
17, 1097, 12323
List the prime factors of 96902965.
5, 19380593
What are the prime factors of 250717205?
5, 2969, 16889
List the prime factors of 822902.
2, 17, 24203
List the prime factors of 151623185.
5, 7, 4332091
What are the prime factors of 33861449?
41, 825889
List the prime factors of 728955645.
3, 5, 11, 67, 233, 283
List the prime factors of 1400165690.
2, 5, 7, 11, 259771
What are the prime factors of 75565549?
75565549
List the prime factors of 95868239.
149, 151, 4261
List the prime factors of 6025707399.
3, 2008569133
What are the prime factors of 2694782794?
2, 11, 2477, 49451
What are the prime factors of 5431743782?
2, 37, 313, 234511
List the prime factors of 3399580085.
5, 11, 2237, 27631
What are the prime factors of 349401986?
2, 17, 10276529
List the prime factors of 498952402.
2, 13, 373, 51449
What are the prime factors of 231311362?
2, 43, 2689667
What are the prime factors of 466178525?
5, 151, 123491
What are the prime factors of 3490246431?
3, 7, 7914391
What are the prime factors of 23078351?
67, 344453
List the prime factors of 405984453.
3, 7, 449, 6151
List the prime factors of 221709147.
3, 11, 29, 21061
What are the prime factors of 370009308?
2, 3, 271, 113779
What are the prime factors of 2716645939?
7, 388092277
List the prime factors of 6438498957.
3, 11, 131, 496453
List the prime factors of 128426492.
2, 32106623
List the prime factors of 67582267.
29, 2330423
What are the prime factors of 124980453?
3, 13, 73, 14633
List the prime factors of 1115145156.
2, 3, 23, 103, 39227
List the prime factors of 267638499.
3, 53, 2309
List the prime factors of 133744990.
2, 5, 19, 839
What are the prime factors of 25723335?
3, 5, 11, 31, 47, 107
What are the prime factors of 110862210?
2, 3, 5, 3695407
List the prime factors of 45702674.
2, 22851337
What are the prime factors of 1038007069?
11, 19, 31, 151, 1061
What are the prime factors of 606478097?
606478097
What are the prime factors of 18944627?
13, 29, 31, 1621
List the prime factors of 732731291.
732731291
What are the prime factors of 330691118?
2, 29, 5701571
List the prime factors of 4309248243.
3, 29, 281, 359, 491
List the prime factors of 57226618.
2, 1109, 25801
List the prime factors of 5812344190.
2, 5, 137, 1223, 3469
What are the prime factors of 412571887?
7, 13, 211, 21487
List the prime factors of 5656857060.
2, 3, 5, 31, 3041321
What are the prime factors of 3171785233?
3171785233
What are the prime factors of 882602657?
12853, 68669
List the prime factors of 2339994029.
47, 1223, 40709
What are the prime factors of 48127827?
3, 11, 79, 18461
What are the prime factors of 45138310?
2, 5, 7, 92119
List the prime factors of 55020578.
2, 27510289
What are the prime factors of 807572332?
2, 7, 1301, 3167
What are the prime factors of 3018337240?
2, 5, 1481, 50951
What are the prime factors of 852115413?
3, 199, 1427329
What are the prime factors of 1139324971?
479, 2378549
What are the prime factors of 51616684?
2, 7, 43, 997
List the prime factors of 66213536.
2, 53, 39041
What are the prime factors of 437301707?
437301707
List the prime factors of 106407479.
106407479
What are the prime factors of 1773439198?
2, 4637, 191227
List the prime factors of 686926586.
2, 383, 896771
List the prime factors of 2940406737.
3, 1447, 677357
List the prime factors of 89936172.
2, 3, 1051, 2377
What are the prime factors of 1810238651?
13, 10709, 13003
What are the prime factors of 150333701?
7, 37, 227, 2557
What are the prime factors of 685736294?
2, 4447, 77101
What are the prime factors of 15514581?
3, 23, 37, 59, 103
What are the prime factors of 22167094?
2, 11083547
What are the prime factors of 333640701?
3, 457669
What are the prime factors of 94968581?
131, 151, 4801
List the prime factors of 419995561.
419995561
What are the prime factors of 1756752083?
1756752083
List the prime factors of 433193174.
2, 216596587
List the prime factors of 25714143.
3, 7, 13, 31397
What are the prime factors of 5753220862?
2, 19, 43, 59, 83, 719
List the prime factors of 32459600.
2, 5, 19, 4271
List the prime factors of 989550796.
2, 13, 19029823
What are the prime factors of 679960112?
2, 13, 3269039
What are the prime factors of 55019366?
2, 27509683
List the prime factors of 91009765.
5, 7, 11, 97, 2437
List the prime factors of 735951665.
5, 43, 127, 26953
List the prime factors of 146473368.
2, 3, 6103057
List the prime factors of 62320472.
2, 181, 193, 223
List the prime factors of 125188737.
3, 29, 59
What are the prime factors of 45481314?
2, 3, 53, 89, 1607
What are the prime factors of 1696885613?
29, 58513297
What are the prime factors of 1182953595?
3, 5, 23, 3428851
What are the prime factors of 239600714?
2, 191, 627227
List the prime factors of 183712232.
2, 11, 149, 14011
What are the prime factors of 4960514408?
2, 620064301
List the prime factors of 323116092.
2, 3, 13, 690419
What are the prime factors of 45253178?
2, 22626589
What are the prime factors of 4881490?
2, 5, 488149
List the prime factors of 9018996.
2, 3, 7, 19, 5651
What are the prime factors of 900591671?
7, 127, 953, 1063
What are the prime factors of 90361385?
5, 79, 103, 2221
What are the prime factors of 96224857?
96224857
What are the prime factors of 16894442?
2, 31, 43, 6337
What are the prime factors of 11790298?
2, 13, 19, 29, 823
List the prime factors of 180275951.
37, 4872323
List the prime factors of 112565550.
2, 3, 5, 750437
What are the prime factors of 5120846675?
5, 7, 17, 245899
List the prime factors of 2645600662.
2, 257, 1613, 3191
List the prime factors of 51501155.
5, 233, 44207
What are the prime factors of 2480470000?
2, 5, 17, 14591
List the prime factors of 324710031.
3, 108236677
List the prime factors of 391182959.
391182959
List the prime factors of 427620575.
5, 71, 240913
What are the prime factors of 11920635?
3, 5, 88301
What are the prime factors of 80505250?
2, 5, 7, 179, 257
What are the prime factors of 717742265?
5, 143548453
List the prime factors of 29420374.
2, 89, 197, 839
List the prime factors of 227654312.
2, 28456789
List the prime factors of 800038814.
2, 19, 223, 4969
What are the prime factors of 1270453?
197, 6449
What are the prime factors of 80202091?
53, 109, 13883
What are the prime factors of 33603999?
3, 11, 13, 7121
List the prime factors of 400826880.
2, 3, 5, 1933
What are the prime factors of 85631754?
2, 3, 13, 17, 64579
What are the prime factors of 671040269?